{"id":17,"date":"2013-01-03T17:35:36","date_gmt":"2013-01-03T17:35:36","guid":{"rendered":"http:\/\/halldesigner.de\/wp\/?page_id=17"},"modified":"2013-02-15T15:58:35","modified_gmt":"2013-02-15T14:58:35","slug":"unternehmen","status":"publish","type":"page","link":"https:\/\/kraemer-agrarconsulting.de\/beratung\/unternehmen\/","title":{"rendered":"Unternehmen"},"content":{"rendered":"<p style=\"text-align: center;\"><img decoding=\"async\" loading=\"lazy\" class=\"aligncenter size-full wp-image-512\" alt=\"Beratung, Entwicklung, Management\" src=\"https:\/\/kraemer-agrarconsulting.de\/beratung\/wp-content\/uploads\/2013\/01\/Background_Header12.jpg\" width=\"930\" height=\"260\" srcset=\"https:\/\/kraemer-agrarconsulting.de\/beratung\/wp-content\/uploads\/2013\/01\/Background_Header12.jpg 930w, https:\/\/kraemer-agrarconsulting.de\/beratung\/wp-content\/uploads\/2013\/01\/Background_Header12-300x83.jpg 300w\" sizes=\"(max-width: 930px) 100vw, 930px\" \/><\/p>\n<div class=\"two_thirds\">\n<h3>Das Unternehmen<\/h3>\n<p style=\"text-align: left;\">Kr\u00e4mer Agrarconsulting ist seit 2003 gesch\u00e4ftlich aktiv und hat zahlreiche Projekte mit Privatpersonen und Unternehmen realisiert. Wir organisierten unter anderem im Kundenauftrag die Pachtung von insgesamt 1.800 Hektar in Rum\u00e4nien. Au\u00dferdem steuerten wir Ank\u00e4ufe von Unternehmen mit einem Fl\u00e4chenumfang von 5.800 Hektar. Dabei verstehen wir uns als Landwirte, die Finanzwesen betreiben und nicht als Investmentbanker mit Orientierung auf den Agrarsektor. Im Jahr 2012 haben wir das Unternehmen neu ausgerichtet und unsere Marktposition gest\u00e4rkt. T\u00e4tigkeitsschwerpunkte sind seitdem die ostdeutschen Bundesl\u00e4nder und Osteuropa. Diese Region verf\u00fcgt \u00fcber gro\u00dfes landwirtschaftliches Potenzial. Gleichzeitig besteht in der osteurop\u00e4ischen Agrarbranche hoher Modernisierungsbedarf, der gute Chancen f\u00fcr Investitionen bietet. Aufgrund unserer eigenen landwirtschaftlichen T\u00e4tigkeit in Rum\u00e4nien kennen wir die Besonderheiten dieser Region sehr gut. Um unsere Kunden optimal beraten zu k\u00f6nnen, arbeiten wir mit Steuerberatern, Immobilienexperten und Finanzinstituten zusammen.<\/p>\n<\/div>\n<div class=\"one_third last\">\n<h3>Unser Team<\/h3>\n<p><a title=\"Gerald Kr\u00e4mer\" href=\"https:\/\/kraemer-agrarconsulting.de\/beratung\/gerald-kramer\/\">Gerald Kr\u00e4mer<\/a><br \/>\n<a title=\"Anja Kr\u00e4mer\" href=\"https:\/\/kraemer-agrarconsulting.de\/beratung\/anja-kramer\/\">Anja Kr\u00e4mer<\/a><\/p>\n<h3>Standorte<\/h3>\n<p><a title=\"B\u00fcro Halle\" href=\"https:\/\/kraemer-agrarconsulting.de\/beratung\/standort-halle\/\">B\u00fcro Halle (Saale)<br \/>\n<\/a><a title=\"B\u00fcro S\u00fcdhannover\" href=\"https:\/\/kraemer-agrarconsulting.de\/beratung\/standort-westniedersachsen\/\">B\u00fcro S\u00fcdhannover<\/a><\/p>\n<h3>Kooperationspartner<\/h3>\n<p><a title=\"agrimor\" href=\"https:\/\/kraemer-agrarconsulting.de\/beratung\/agrimor\/\">Agrimor<\/a><\/p>\n<p>&nbsp;<\/p>\n<h3>Unser Netzwerk<\/h3>\n<p><a title=\"Barran &amp; Partner Rechtsanw\u00e4lte | Frauenstein \u2022 Chemnitz \u2022 Leipzig\" href=\"https:\/\/barran-und-partner.de\" target=\"_blank\">Barran &amp; Partner<br \/>\n<\/a><a title=\"STALFORT Legal. Tax. Audit.\" href=\"https:\/\/www.stalfort.ro\">STALFORT Legal. Tax. Audit. &#8211; Berlin\/Bukarest<\/a><br \/>\n<a title=\"Dr. Dornbach &amp; Partner GmbH\" href=\"https:\/\/www.dornbach.de\/de\/unternehmen\/standorte\/dessau_rosslau.html\" target=\"_blank\">Dr. Dornbach &amp; Partner GmbH<\/a>\n<\/div>\n<div class=\"clear\"><\/div>\n","protected":false},"excerpt":{"rendered":"","protected":false},"author":3,"featured_media":0,"parent":0,"menu_order":0,"comment_status":"closed","ping_status":"open","template":"page-designer-content.php","meta":[],"_links":{"self":[{"href":"https:\/\/kraemer-agrarconsulting.de\/beratung\/wp-json\/wp\/v2\/pages\/17"}],"collection":[{"href":"https:\/\/kraemer-agrarconsulting.de\/beratung\/wp-json\/wp\/v2\/pages"}],"about":[{"href":"https:\/\/kraemer-agrarconsulting.de\/beratung\/wp-json\/wp\/v2\/types\/page"}],"author":[{"embeddable":true,"href":"https:\/\/kraemer-agrarconsulting.de\/beratung\/wp-json\/wp\/v2\/users\/3"}],"replies":[{"embeddable":true,"href":"https:\/\/kraemer-agrarconsulting.de\/beratung\/wp-json\/wp\/v2\/comments?post=17"}],"version-history":[{"count":38,"href":"https:\/\/kraemer-agrarconsulting.de\/beratung\/wp-json\/wp\/v2\/pages\/17\/revisions"}],"predecessor-version":[{"id":527,"href":"https:\/\/kraemer-agrarconsulting.de\/beratung\/wp-json\/wp\/v2\/pages\/17\/revisions\/527"}],"wp:attachment":[{"href":"https:\/\/kraemer-agrarconsulting.de\/beratung\/wp-json\/wp\/v2\/media?parent=17"}],"curies":[{"name":"wp","href":"https:\/\/api.w.org\/{rel}","templated":true}]}}