{"id":65,"date":"2013-01-04T14:32:00","date_gmt":"2013-01-04T14:32:00","guid":{"rendered":"http:\/\/halldesigner.de\/wp\/?page_id=65"},"modified":"2013-03-05T19:22:50","modified_gmt":"2013-03-05T18:22:50","slug":"zehn-punkte-plan","status":"publish","type":"page","link":"https:\/\/kraemer-agrarconsulting.de\/beratung\/zehn-punkte-plan\/","title":{"rendered":"Unser Zehn-Punkte-Plan"},"content":{"rendered":"<h3><img decoding=\"async\" loading=\"lazy\" width=\"930\" height=\"260\" class=\"aligncenter  wp-image-20\" alt=\"Unser Zehn-Punkte-Plan\" src=\"https:\/\/kraemer-agrarconsulting.de\/beratung\/wp-content\/uploads\/2013\/01\/Background_Header1.jpg\" srcset=\"https:\/\/kraemer-agrarconsulting.de\/beratung\/wp-content\/uploads\/2013\/01\/Background_Header1.jpg 930w, https:\/\/kraemer-agrarconsulting.de\/beratung\/wp-content\/uploads\/2013\/01\/Background_Header1-300x83.jpg 300w\" sizes=\"(max-width: 930px) 100vw, 930px\" \/><\/h3>\n<h3>Unser Zehn-Punkte-Plan<\/h3>\n<ol>\n<li>Wir sind spezialisiert auf langfristige reale Investitionen im Agrarbereich.<\/li>\n<li>Wir erstellen eine ma\u00dfgeschneiderte Strategie aufgrund ihrer individuellen Investitionsziele.<\/li>\n<li>In der Regel empfehlen wir Ihnen eine langfristige Investition mit einer angemessenen Rendite.<\/li>\n<li>Wir schlagen Ihnen Investitionsobjekte vor, die optimal zu Ihrer Strategie passen.<\/li>\n<li>Sie entscheiden, welchen Betrieb oder welche Fl\u00e4chen sie erwerben oder pachten.<\/li>\n<li>Wir wickeln f\u00fcr Sie den Kauf oder die Pachtung ab.<\/li>\n<li>In Ihrem Auftrag \u00fcbernehmen wir entweder das Management des Betriebes oder arbeiten eng mit der Gesch\u00e4ftsleitung zusammen.<\/li>\n<li>Wir sorgen daf\u00fcr, dass in dem Betrieb effektiv gearbeitet wird und die Fl\u00e4chen optimal bewirtschaftet werden.<\/li>\n<li>Wenn Sie es w\u00fcnschen, bereiten wir Bilanzen, Jahresabschl\u00fcsse vor und k\u00fcmmern uns in Zusammenarbeit mit Steuerberatern um s\u00e4mtliche buchhalterische Angelegenheiten.<\/li>\n<li>Wir \u00fcbernehmen zusammen mit Ihnen die regelm\u00e4\u00dfig Erfolgskontrolle und Analyse Ihres Investitionsobjektes.<\/li>\n<\/ol>\n","protected":false},"excerpt":{"rendered":"<p>Unser Zehn-Punkte-Plan Wir sind spezialisiert auf langfristige reale Investitionen im Agrarbereich. Wir erstellen eine ma\u00dfgeschneiderte Strategie aufgrund ihrer individuellen Investitionsziele. In der Regel empfehlen wir Ihnen eine langfristige Investition mit einer angemessenen Rendite. Wir schlagen Ihnen Investitionsobjekte vor, die optimal zu Ihrer Strategie passen. Sie entscheiden, welchen Betrieb oder welche Fl\u00e4chen sie erwerben oder pachten. [&hellip;]<\/p>\n","protected":false},"author":3,"featured_media":0,"parent":0,"menu_order":0,"comment_status":"closed","ping_status":"open","template":"page-designer-content.php","meta":[],"_links":{"self":[{"href":"https:\/\/kraemer-agrarconsulting.de\/beratung\/wp-json\/wp\/v2\/pages\/65"}],"collection":[{"href":"https:\/\/kraemer-agrarconsulting.de\/beratung\/wp-json\/wp\/v2\/pages"}],"about":[{"href":"https:\/\/kraemer-agrarconsulting.de\/beratung\/wp-json\/wp\/v2\/types\/page"}],"author":[{"embeddable":true,"href":"https:\/\/kraemer-agrarconsulting.de\/beratung\/wp-json\/wp\/v2\/users\/3"}],"replies":[{"embeddable":true,"href":"https:\/\/kraemer-agrarconsulting.de\/beratung\/wp-json\/wp\/v2\/comments?post=65"}],"version-history":[{"count":10,"href":"https:\/\/kraemer-agrarconsulting.de\/beratung\/wp-json\/wp\/v2\/pages\/65\/revisions"}],"predecessor-version":[{"id":553,"href":"https:\/\/kraemer-agrarconsulting.de\/beratung\/wp-json\/wp\/v2\/pages\/65\/revisions\/553"}],"wp:attachment":[{"href":"https:\/\/kraemer-agrarconsulting.de\/beratung\/wp-json\/wp\/v2\/media?parent=65"}],"curies":[{"name":"wp","href":"https:\/\/api.w.org\/{rel}","templated":true}]}}